761 a composite number?
False
Is 3848175223 a prime number?
True
Is 696927673 a composite number?
True
Is 311029151 prime?
True
Is 318932473 a composite number?
True
Is 77574817 a prime number?
True
Is 30750819329 prime?
True
Is 274008333 a prime number?
False
Is 33663439165 a composite number?
True
Is 289866141751 composite?
False
Is 6710685313 a composite number?
True
Is 51648363055 composite?
True
Is 43314801707 a prime number?
True
Is 37922936173 a prime number?
True
Is 50782397 prime?
False
Is 1324909999 a composite number?
True
Is 4624259401 composite?
True
Is 352618729 prime?
True
Is 4605380497 composite?
False
Is 115271813 a composite number?
True
Is 8629544603 prime?
False
Is 16193620777 a composite number?
True
Is 341151653 a prime number?
True
Is 27133062331 composite?
True
Is 3112656845 composite?
True
Is 35990719 a prime number?
True
Is 826130821 a prime number?
False
Is 750081671 a composite number?
False
Is 2148166653 composite?
True
Is 4423348001 a composite number?
True
Is 1515256681 prime?
True
Is 2099269457 a composite number?
False
Is 1961564987 a prime number?
True
Is 549740959 a composite number?
False
Is 92728132711 composite?
False
Is 51339979417 a composite number?
False
Is 26283834461 prime?
False
Is 7483917223 composite?
False
Is 1720710067 a prime number?
True
Is 612736211 a composite number?
False
Is 501738571 prime?
False
Is 37733728145 composite?
True
Is 90215479 composite?
False
Is 1698768241 a prime number?
True
Is 108973427 a composite number?
True
Is 44922772547 composite?
False
Is 84527661259 composite?
True
Is 2692533313 composite?
True
Is 479595271 composite?
True
Is 892453307 prime?
True
Is 149402587 a composite number?
False
Is 198417100769 prime?
True
Is 73750618583 a composite number?
False
Is 9985065589 prime?
True
Is 640100567 a prime number?
False
Is 1228737551 composite?
True
Is 5694053137 a prime number?
False
Is 285542269 a composite number?
False
Is 5342267191 prime?
True
Is 3635311847 a composite number?
False
Is 10705817173 a prime number?
False
Is 74537899 prime?
False
Is 319181467 a composite number?
True
Is 95946299647 prime?
False
Is 11735253807 prime?
False
Is 5720587891 composite?
False
Is 803852411 a composite number?
True
Is 946321613 a prime number?
True
Is 107553539263 a prime number?
False
Is 48313618801 composite?
True
Is 235977531 a prime number?
False
Is 21452457077 prime?
True
Is 5845309 prime?
True
Is 4037324443 prime?
False
Is 29219027327 prime?
False
Is 36381747593 composite?
True
Is 76190511749 prime?
False
Is 3634718327 composite?
False
Is 70550121047 a composite number?
True
Is 23722192511 prime?
True
Is 84054628501 a prime number?
True
Is 4363228489 composite?
True
Is 1148740933 a composite number?
True
Is 384379799 composite?
False
Is 2201273189 composite?
False
Is 43715011493 prime?
True
Is 3429699401 a prime number?
True
Is 190919576009 a prime number?
True
Is 200993161 a prime number?
True
Is 24378267007 a composite number?
False
Is 4913502119 composite?
True
Is 578555011 a prime number?
False
Is 87477554737 prime?
True
Is 4951738807 a composite number?
False
Is 1227325079 prime?
False
Is 6713630857 a prime number?
False
Is 476950247 composite?
True
Is 52901636677 a prime number?
False
Is 6237326717 composite?
True
Is 7301876557 composite?
True
Is 1031488607 a prime number?
True
Is 624508433 a prime number?
False
Is 172881329 composite?
False
Is 15919523903 a composite number?
True
Is 64753535299 a composite number?
True
Is 3258041429 a composite number?
True
Is 21573200179 prime?
True
Is 5744608297 a composite number?
False
Is 9866076842 composite?
True
Is 6847469011 a composite number?
False
Is 11742478021 composite?
True
Is 35784567446 prime?
False
Is 22980189469 a prime number?
True
Is 1216382179 a composite number?
True
Is 325308419 composite?
True
Is 174336869 a composite number?
True
Is 6884729923 a composite number?
False
Is 520369987 prime?
False
Is 25352031577 a prime number?
False
Is 1827400843 a composite number?
True
Is 16787210699 a prime number?
False
Is 1560631421 a prime number?
False
Is 6412959781 a composite number?
True
Is 39792518693 composite?
True
Is 586342607 prime?
False
Is 285043541 prime?
True
Is 498290863 prime?
False
Is 6210775982 a composite number?
True
Is 20941441 a prime number?
False
Is 1178130839 a composite number?
False
Is 3016607669 a prime number?
False
Is 425793307 a prime number?
True
Is 234154031047 composite?
True
Is 2895292801 a prime number?
True
Is 13939241 prime?
False
Is 4848845219 a composite number?
False
Is 114661709 a prime number?
True
Is 574126139 a prime number?
True
Is 17223580019 composite?
True
Is 17067310567 composite?
True
Is 153465353 prime?
False
Is 154445539 prime?
False
Is 1539155978 prime?
False
Is 22253022241 composite?
True
Is 801173089 composite?
False
Is 18004824539 a composite number?
True
Is 16304609291 prime?
False
Is 2565998081 composite?
True
Is 7626298109 composite?
True
Is 8398621697 a composite number?
True
Is 509736691 a composite number?
True
Is 28655795111 a prime number?
True
Is 31936826749 prime?
False
Is 9954431321 a composite number?
False
Is 2093101217 a composite number?
True
Is 54383063999 composite?
True
Is 1355557403 a prime number?
True
Is 75590636339 composite?
False
Is 6007844047 a composite number?
True
Is 2509973717 composite?
False
Is 15776261561 composite?
False
Is 15286795847 composite?
False
Is 13686557173 a composite number?
False
Is 169731542703 a prime number?
False
Is 25906498571 a composite number?
True
Is 5629569541 composite?
False
Is 16653572021 a prime number?
True
Is 47121358811 a prime number?
True
Is 757615351 composite?
False
Is 143360177033 composite?
True
Is 1329118547 composite?
True
Is 4878910833 a composite number?
True
Is 122239541 a composite number?
True
Is 19275993851 composite?
False
Is 12209472727 a prime number?
True
Is 1228692241 composite?
True
Is 127046719 a prime number?
False
Is 14863949267 a composite number?
True
Is 25481010251 a composite number?
True
Is 283195387 a prime number?
True
Is 1025608981 a composite number?
True
Is 3878533793 prime?
True
Is 479052713 a prime number?
True
Is 2082381701 a prime number?
True
Is 59553476149 a prime number?
True
Is 181938341887 prime?
False
Is 11133498595 prime?
False
Is 52826364673 prime?
False
Is 16266486869 a prime number?
True
Is 12649703999 composite?
False
Is 625065607 composite?
False
Is 1209131461 composite?
False
Is 5386867763 a prime number?
False
Is 50468907169 composite?
True
Is 591668587 a prime number?
True
Is 366106943 composite?
True
Is 28935581 a composite number?
True
Is 4841324399 a composite number?
False
Is 10339116035 prime?
False
Is 1331477941 a prime number?
True
Is 2543563471 composite?
False
Is 1484438639 a prime number?
True
Is 9804558539 composite?
False
Is 15759797293 composite?
False
Is 160272157229 prime?
True
Is 14468027153 prime?
False
Is 4360559627 composite?
True
Is 2322023947 a prime number?
False
Is 4008368827 composite?
True
Is 4057863443 a composite number?
True
Is 1275015361 composite?
False
Is 1449526249 prime?
True
Is 455880641 a prime number?
False
Is 1960012261 a prime number?
False
Is 797283694 prime?
False
Is 66545795623 composite?
True
Is 424060999 a composite number?
False
Is 94788721 a composite number?
False
Is 3856870093 a composite number?
False
Is 203332319529 a prime number?
False
Is 609444861 a composite number?
True
Is 11318485579 prime?
False
Is 535935817 a prime number?
True
Is 10548710023 a composite number?
True
Is 6802271963 a prime number?
True
Is 1112133091 composite?
True
Is 36580766647 composite?
False
Is 18431705987 a prime number?
False
Is 2674005977 prime?
True
Is 120968849 composite?
False
Is 7121523491 a prime number?
True
Is 42548662727 a composite number?
True
Is 862618037 composite?
True
Is 26582639 prime?
True
Is 5263829 prime?
False
Is 446402431 prime?
False
Is 118885061135 a prime number?
False
Is 2125021441 prime?
True
Is 94264381309 a prime number?
False
Is 2240241209 a composite number?
True
Is 171584873 a prime number?
False
Is 8428190959 a prime number?
False
Is 261573859 a composite number?
True
Is 28313436847 a composite number?
False
Is 1143870359 a prime number?
True
Is 89801903 a composite number?
False
Is 1975